e
Is 1872 a multiple of 8?
True
Is 6 a factor of 232?
False
Does 69 divide 6835?
False
Is 123 a factor of 3690?
True
Does 27 divide 756?
True
Is 236 a multiple of 2?
True
Is 30 a factor of 1080?
True
Is 330 a multiple of 22?
True
Does 13 divide 753?
False
Is 4313 a multiple of 128?
False
Does 3 divide 15530?
False
Is 65 a factor of 587?
False
Does 3 divide 2646?
True
Is 68 a factor of 3353?
False
Is 375 a multiple of 13?
False
Is 72 a factor of 1944?
True
Does 108 divide 5292?
True
Is 68218 a multiple of 98?
False
Does 9 divide 234?
True
Does 22 divide 704?
True
Does 14 divide 714?
True
Is 349 a multiple of 18?
False
Is 10280 a multiple of 20?
True
Does 150 divide 93933?
False
Is 32 a factor of 8195?
False
Is 114 a factor of 1661?
False
Does 90 divide 3795?
False
Does 16 divide 48?
True
Is 16628 a multiple of 71?
False
Is 72471 a multiple of 21?
True
Is 10174 a multiple of 98?
False
Does 82 divide 1751?
False
Does 101 divide 99283?
True
Is 49 a factor of 1399?
False
Is 2739 a multiple of 11?
True
Does 210 divide 5448?
False
Does 13 divide 19423?
False
Is 38840 a multiple of 19?
False
Is 39 a factor of 365?
False
Is 22 a factor of 14476?
True
Is 16 a factor of 2464?
True
Does 7 divide 2712?
False
Is 468 a multiple of 98?
False
Does 28 divide 2436?
True
Is 5117 a multiple of 2?
False
Does 9 divide 3798?
True
Is 262 a multiple of 13?
False
Is 22 a factor of 145?
False
Is 9 a factor of 756?
True
Does 39 divide 3325?
False
Is 32 a factor of 544?
True
Is 20 a factor of 760?
True
Does 53 divide 113575?
False
Is 20 a factor of 700?
True
Is 1466 even?
True
Is 861 a multiple of 55?
False
Is 59 a factor of 746?
False
Is 73 a factor of 2633?
False
Is 3 a factor of 667?
False
Is 1966 a multiple of 28?
False
Is 29 a factor of 1767?
False
Is 29 a factor of 61225?
False
Is 19783 a multiple of 73?
True
Does 13 divide 19493?
False
Is 19 a factor of 7866?
True
Is 18 a factor of 13782?
False
Does 25 divide 5550?
True
Is 12420 a multiple of 90?
True
Is 1507 a multiple of 33?
False
Does 51 divide 5532?
False
Does 28 divide 262?
False
Is 4 a factor of 191?
False
Does 20 divide 700?
True
Is 9 a factor of 684?
True
Is 6 a factor of 5790?
True
Does 6 divide 583?
False
Is 103 a factor of 16688?
False
Does 135 divide 15852?
False
Is 4102 a multiple of 74?
False
Is 78 a factor of 702?
True
Is 112 a multiple of 2?
True
Does 32 divide 858?
False
Is 114 a factor of 66006?
True
Is 41 a factor of 7011?
True
Is 9071 a multiple of 24?
False
Does 20 divide 36526?
False
Is 21 a factor of 1575?
True
Does 79 divide 35744?
False
Is 79 a factor of 61857?
True
Does 11 divide 395?
False
Is 178 a factor of 1958?
True
Does 102 divide 7308?
False
Is 38059 a multiple of 10?
False
Is 201 a multiple of 14?
False
Is 20 a factor of 597?
False
Does 29 divide 7790?
False
Does 2 divide 192?
True
Is 34 a factor of 4396?
False
Does 15 divide 315?
True
Does 70 divide 14490?
True
Does 30 divide 23399?
False
Does 9 divide 1408?
False
Does 36 divide 7603?
False
Does 9 divide 3564?
True
Is 5 a factor of 122?
False
Does 100 divide 10800?
True
Does 20 divide 1480?
True
Does 90 divide 53779?
False
Does 42 divide 5029?
False
Does 34 divide 1836?
True
Is 16598 a multiple of 86?
True
Is 23 a factor of 14306?
True
Is 65 a factor of 611?
False
Does 54 divide 446?
False
Does 8 divide 3856?
True
Does 52 divide 53352?
True
Is 71 a factor of 8401?
False
Is 261 a factor of 30798?
True
Is 24880 a multiple of 10?
True
Is 7 a factor of 42155?
False
Is 4 a factor of 2817?
False
Is 35 a factor of 23135?
True
Is 29 a factor of 4727?
True
Is 6 a factor of 17904?
True
Is 10420 a multiple of 4?
True
Is 20 a factor of 9333?
False
Is 1589 a multiple of 7?
True
Is 2619 a multiple of 7?
False
Is 36920 a multiple of 71?
True
Is 3285 a multiple of 74?
False
Does 17 divide 1275?
True
Does 7 divide 12037?
False
Is 36 a factor of 72?
True
Does 31 divide 4977?
False
Is 27744 a multiple of 408?
True
Is 9558 a multiple of 6?
True
Is 47 a factor of 1764?
False
Does 24 divide 895?
False
Is 18 a factor of 15480?
True
Is 62 a factor of 24577?
False
Does 24 divide 9736?
False
Does 48 divide 8733?
False
Is 23 a factor of 943?
True
Is 11840 a multiple of 12?
False
Is 4854 a multiple of 11?
False
Does 60 divide 1683?
False
Is 696 a multiple of 29?
True
Is 13 a factor of 366?
False
Is 1875 a multiple of 5?
True
Does 12 divide 1464?
True
Does 57 divide 96273?
True
Does 25 divide 1613?
False
Is 74480 a multiple of 16?
True
Does 13 divide 546?
True
Does 15 divide 42584?
False
Is 581 a multiple of 40?
False
Does 27 divide 3456?
True
Does 107 divide 6729?
False
Is 18 a factor of 33?
False
Is 10362 a multiple of 200?
False
Does 17 divide 32816?
False
Is 21 a factor of 2700?
False
Is 392 a multiple of 49?
True
Does 42 divide 50526?
True
Does 15 divide 330?
True
Is 11624 a multiple of 23?
False
Is 19 a factor of 2193?
False
Is 5984 a multiple of 8?
True
Is 134 a multiple of 3?
False
Is 200 a multiple of 20?
True
Does 32 divide 2368?
True
Is 18 a factor of 365?
False
Does 30 divide 163?
False
Is 99 a multiple of 11?
True
Is 35 a factor of 13090?
True
Is 1824 a multiple of 19?
True
Does 3 divide 401?
False
Is 1021 a multiple of 11?
False
Is 336 a multiple of 28?
True
Is 8115 a multiple of 81?
False
Does 18 divide 256?
False
Is 31285 a multiple of 17?
False
Does 20 divide 400?
True
Is 4950 a multiple of 150?
True
Does 60 divide 7440?
True
Does 29 divide 55671?
False
Is 9425 a multiple of 48?
False
Does 52 divide 50856?
True
Is 10292 a multiple of 83?
True
Does 59 divide 531?
True
Is 16840 a multiple of 10?
True
Is 17 a factor of 1138?
False
Is 38 a factor of 14060?
True
Does 99 divide 25961?
False
Is 164 a multiple of 49?
False
Is 13 a multiple of 8?
False
Is 81 a factor of 81?
True
Is 4118 a multiple of 6?
False
Is 600 a multiple of 100?
True
Is 7 a factor of 725?
False
Is 45 a factor of 13965?
False
Is 244 a factor of 72224?
True
Is 3794 a multiple of 13?
False
Is 12 a factor of 15336?
True
Is 34 a factor of 236?
False
Does 24 divide 2283?
False
Does 20 divide 4064?
False
Is 324 a multiple of 81?
True
Is 17 a factor of 2321?
False
Is 32 a factor of 65696?
True
Is 14 a factor of 3279?
False
Is 795 a multiple of 5?
True
Is 12 a factor of 9612?
True
Is 61 a factor of 7644?
False
Is 153 a factor of 16359?
False
Is 20 a factor of 930?
False
Does 13 divide 9022?
True
Is 796 a multiple of 13?
False
Is 1110 a multiple of 6?
True
Is 6 a factor of 25890?
True
Is 6372 a multiple of 108?
True
Is 1524 a multiple of 34?
False
Does 4 divide 4544?
True
Is 46 a factor of 104328?
True
Does 63 divide 5103?
True
Does 3 divide 294?
True
Is 416 a multiple of 7?
False
Does 22 divide 1056?
True
Does 7 divide 87?
False
Is 9944 a multiple of 88?
True
Is 76910 a multiple of 5?
True
Is 25884 a multiple of 18?
True
Is 2376 a multiple of 198?
True
Is 5808 a multiple of 44?
True
Does 16 divide 2474?
False
Does 2 divide 63?
False
Does 39 divide 1168?
False
Is 20 a factor of 9820?
True
Does 81 divide 8991?
True
Does 11 divide 1109?
False
Is 11 a factor of 85?
False
Does 8 divide 392?
True
Is 1054 a multiple of 5?
False
Is 44392 a multiple of 289?
False
Is 9231 a multiple of 37?
False
Does 22 divide 4510?
True
Is 4979 a multiple of 9?
False
Is 18 a factor of 3078?
True
Does 20 divide 2248?
False
Is 276 a multiple of 49?
False
Is 51 a factor of 15030?
False
Is 27 a factor of 2045?
False
Does 15 divide 225?
True
Is 22 a factor of 1606?
True
Is 29 a factor of 1122?
False
Does 4 divide 18?
False
Is 150 a factor of 57775?
False
Is 76 a factor of 5624?
True
Does 16 divide 1581?
False
Is 6783 a multiple of 17?
True
Is 18085 a multiple of 46?
False
Is 18 a factor of 447?
False
Does 11 divide 3740?
True
Is 130 a factor of 2149?
False
Is 7 a factor of 4811?
False
Does 128 divide 6090?
False
Is 3 a factor of 243?
True
Is 16 a factor of 6376?
False
Is 511 a multiple of 115?
False
Does 80 divide 7760?
True
Is 33 a factor of 1881?
True
Is 978 a multiple of 25?
False
Does 45 divide 990?
True
Is 21 a factor of 2756?
False
Does 12 divide 191?
False
Is 33 a factor of 1911?
False
Is 7 a factor of 336?
True
Is 71 a factor of 3834?
True
Is 17 a multiple of 17?
True
Is 7767 a multiple of 14?
False
Is 7212 a multiple of 175?
False
Is 15280 a multiple of 29?
False
Does 67 divide 2939?
False
Is 1660 a multip